{"id":746,"date":"2018-11-23T11:34:37","date_gmt":"2018-11-23T11:34:37","guid":{"rendered":"http:\/\/prayde.com\/empresa\/?page_id=746"},"modified":"2024-02-26T09:51:35","modified_gmt":"2024-02-26T09:51:35","slug":"contacto","status":"publish","type":"page","link":"https:\/\/prayde.com\/empresa\/contacto\/","title":{"rendered":"Contacto"},"content":{"rendered":"\n<h1 class=\"wp-block-heading\">Ahora, nuestros productos est\u00e1n distribuidos por INVERSIONES URBANAS REUNIDAS, SL<\/h1>\n\n\n\n<p>Puede ponerse en contacto con nosotros tanto por tel\u00e9fono como por email:<\/p>\n\n\n\n<ul class=\"wp-block-list\">\n<li>Tfno:&nbsp;&nbsp; +34 639 83 1998 &nbsp; <\/li>\n\n\n\n<li>e-mail&nbsp; :&nbsp; <a href=\"mailto: soporte@prayde.com\">soporte@prayde.com<\/a><\/li>\n\n\n\n<li>WEB: <a href=\"http:\/\/prayde.com\/empresa\" target=\"_blank\" rel=\"noopener noreferrer\">www.prayde.com<\/a><\/li>\n\n\n\n<li><strong>C\/ Juan Ram\u00f3n Jimenez, 24 9D 28036 Madrid.<\/strong><\/li>\n<\/ul>\n\n\n\n<h2 class=\"wp-block-heading\">Si quiere saber m\u00e1s de <a href=\"http:\/\/prayde.com\/empresa\/quienes-somos\/\">nosotros<\/a> pinche aqu\u00ed<\/h2>\n","protected":false},"excerpt":{"rendered":"<p>Ahora, nuestros productos est\u00e1n distribuidos por INVERSIONES URBANAS REUNIDAS, SL Puede ponerse en contacto con nosotros tanto por tel\u00e9fono como por email: Si quiere saber m\u00e1s de nosotros pinche aqu\u00ed <a class=\"continue-reading-link\" href=\"https:\/\/prayde.com\/empresa\/contacto\/\">Continue leyendo<\/a><\/p>\n","protected":false},"author":2,"featured_media":0,"parent":0,"menu_order":0,"comment_status":"closed","ping_status":"closed","template":"","meta":{"footnotes":""},"class_list":["post-746","page","type-page","status-publish","hentry"],"yoast_head":"<!-- This site is optimized with the Yoast SEO plugin v27.5 - https:\/\/yoast.com\/product\/yoast-seo-wordpress\/ -->\n<title>Contacto - Gestinmo<\/title>\n<meta name=\"description\" content=\"Contacte con Prayde Gestion llamando al 913 505 798 o mand\u00e1ndonos un correo electr\u00f3nico a la siguiente direcci\u00f3n: soporte@prayde.com | PRAYDE GESTI\u00d3N\" \/>\n<meta name=\"robots\" content=\"index, follow, max-snippet:-1, max-image-preview:large, max-video-preview:-1\" \/>\n<link rel=\"canonical\" href=\"https:\/\/prayde.com\/empresa\/contacto\/\" \/>\n<meta property=\"og:locale\" content=\"es_ES\" \/>\n<meta property=\"og:type\" content=\"article\" \/>\n<meta property=\"og:title\" content=\"Contacto - Gestinmo\" \/>\n<meta property=\"og:description\" content=\"Contacte con Prayde Gestion llamando al 913 505 798 o mand\u00e1ndonos un correo electr\u00f3nico a la siguiente direcci\u00f3n: soporte@prayde.com | PRAYDE GESTI\u00d3N\" \/>\n<meta property=\"og:url\" content=\"https:\/\/prayde.com\/empresa\/contacto\/\" \/>\n<meta property=\"og:site_name\" content=\"Gestinmo\" \/>\n<meta property=\"article:modified_time\" content=\"2024-02-26T09:51:35+00:00\" \/>\n<meta name=\"twitter:card\" content=\"summary_large_image\" \/>\n<meta name=\"twitter:label1\" content=\"Tiempo de lectura\" \/>\n\t<meta name=\"twitter:data1\" content=\"1 minuto\" \/>\n<script type=\"application\/ld+json\" class=\"yoast-schema-graph\">{\"@context\":\"https:\\\/\\\/schema.org\",\"@graph\":[{\"@type\":\"WebPage\",\"@id\":\"https:\\\/\\\/prayde.com\\\/empresa\\\/contacto\\\/\",\"url\":\"https:\\\/\\\/prayde.com\\\/empresa\\\/contacto\\\/\",\"name\":\"Contacto - Gestinmo\",\"isPartOf\":{\"@id\":\"https:\\\/\\\/prayde.com\\\/empresa\\\/#website\"},\"datePublished\":\"2018-11-23T11:34:37+00:00\",\"dateModified\":\"2024-02-26T09:51:35+00:00\",\"description\":\"Contacte con Prayde Gestion llamando al 913 505 798 o mand\u00e1ndonos un correo electr\u00f3nico a la siguiente direcci\u00f3n: soporte@prayde.com | PRAYDE GESTI\u00d3N\",\"breadcrumb\":{\"@id\":\"https:\\\/\\\/prayde.com\\\/empresa\\\/contacto\\\/#breadcrumb\"},\"inLanguage\":\"es\",\"potentialAction\":[{\"@type\":\"ReadAction\",\"target\":[\"https:\\\/\\\/prayde.com\\\/empresa\\\/contacto\\\/\"]}]},{\"@type\":\"BreadcrumbList\",\"@id\":\"https:\\\/\\\/prayde.com\\\/empresa\\\/contacto\\\/#breadcrumb\",\"itemListElement\":[{\"@type\":\"ListItem\",\"position\":1,\"name\":\"Portada\",\"item\":\"https:\\\/\\\/prayde.com\\\/empresa\\\/\"},{\"@type\":\"ListItem\",\"position\":2,\"name\":\"Contacto\"}]},{\"@type\":\"WebSite\",\"@id\":\"https:\\\/\\\/prayde.com\\\/empresa\\\/#website\",\"url\":\"https:\\\/\\\/prayde.com\\\/empresa\\\/\",\"name\":\"Gestinmo\",\"description\":\"Analizar la Rentabilidad y Riesgos de una Promocion Inmobiliaria\",\"publisher\":{\"@id\":\"https:\\\/\\\/prayde.com\\\/empresa\\\/#organization\"},\"potentialAction\":[{\"@type\":\"SearchAction\",\"target\":{\"@type\":\"EntryPoint\",\"urlTemplate\":\"https:\\\/\\\/prayde.com\\\/empresa\\\/?s={search_term_string}\"},\"query-input\":{\"@type\":\"PropertyValueSpecification\",\"valueRequired\":true,\"valueName\":\"search_term_string\"}}],\"inLanguage\":\"es\"},{\"@type\":\"Organization\",\"@id\":\"https:\\\/\\\/prayde.com\\\/empresa\\\/#organization\",\"name\":\"Gestinmo\",\"url\":\"https:\\\/\\\/prayde.com\\\/empresa\\\/\",\"logo\":{\"@type\":\"ImageObject\",\"inLanguage\":\"es\",\"@id\":\"https:\\\/\\\/prayde.com\\\/empresa\\\/#\\\/schema\\\/logo\\\/image\\\/\",\"url\":\"https:\\\/\\\/prayde.com\\\/empresa\\\/wp-content\\\/uploads\\\/2018\\\/12\\\/cropped-cropped-Prayde-Pe.jpg\",\"contentUrl\":\"https:\\\/\\\/prayde.com\\\/empresa\\\/wp-content\\\/uploads\\\/2018\\\/12\\\/cropped-cropped-Prayde-Pe.jpg\",\"width\":512,\"height\":512,\"caption\":\"Gestinmo\"},\"image\":{\"@id\":\"https:\\\/\\\/prayde.com\\\/empresa\\\/#\\\/schema\\\/logo\\\/image\\\/\"}}]}<\/script>\n<!-- \/ Yoast SEO plugin. -->","yoast_head_json":{"title":"Contacto - Gestinmo","description":"Contacte con Prayde Gestion llamando al 913 505 798 o mand\u00e1ndonos un correo electr\u00f3nico a la siguiente direcci\u00f3n: soporte@prayde.com | PRAYDE GESTI\u00d3N","robots":{"index":"index","follow":"follow","max-snippet":"max-snippet:-1","max-image-preview":"max-image-preview:large","max-video-preview":"max-video-preview:-1"},"canonical":"https:\/\/prayde.com\/empresa\/contacto\/","og_locale":"es_ES","og_type":"article","og_title":"Contacto - Gestinmo","og_description":"Contacte con Prayde Gestion llamando al 913 505 798 o mand\u00e1ndonos un correo electr\u00f3nico a la siguiente direcci\u00f3n: soporte@prayde.com | PRAYDE GESTI\u00d3N","og_url":"https:\/\/prayde.com\/empresa\/contacto\/","og_site_name":"Gestinmo","article_modified_time":"2024-02-26T09:51:35+00:00","twitter_card":"summary_large_image","twitter_misc":{"Tiempo de lectura":"1 minuto"},"schema":{"@context":"https:\/\/schema.org","@graph":[{"@type":"WebPage","@id":"https:\/\/prayde.com\/empresa\/contacto\/","url":"https:\/\/prayde.com\/empresa\/contacto\/","name":"Contacto - Gestinmo","isPartOf":{"@id":"https:\/\/prayde.com\/empresa\/#website"},"datePublished":"2018-11-23T11:34:37+00:00","dateModified":"2024-02-26T09:51:35+00:00","description":"Contacte con Prayde Gestion llamando al 913 505 798 o mand\u00e1ndonos un correo electr\u00f3nico a la siguiente direcci\u00f3n: soporte@prayde.com | PRAYDE GESTI\u00d3N","breadcrumb":{"@id":"https:\/\/prayde.com\/empresa\/contacto\/#breadcrumb"},"inLanguage":"es","potentialAction":[{"@type":"ReadAction","target":["https:\/\/prayde.com\/empresa\/contacto\/"]}]},{"@type":"BreadcrumbList","@id":"https:\/\/prayde.com\/empresa\/contacto\/#breadcrumb","itemListElement":[{"@type":"ListItem","position":1,"name":"Portada","item":"https:\/\/prayde.com\/empresa\/"},{"@type":"ListItem","position":2,"name":"Contacto"}]},{"@type":"WebSite","@id":"https:\/\/prayde.com\/empresa\/#website","url":"https:\/\/prayde.com\/empresa\/","name":"Gestinmo","description":"Analizar la Rentabilidad y Riesgos de una Promocion Inmobiliaria","publisher":{"@id":"https:\/\/prayde.com\/empresa\/#organization"},"potentialAction":[{"@type":"SearchAction","target":{"@type":"EntryPoint","urlTemplate":"https:\/\/prayde.com\/empresa\/?s={search_term_string}"},"query-input":{"@type":"PropertyValueSpecification","valueRequired":true,"valueName":"search_term_string"}}],"inLanguage":"es"},{"@type":"Organization","@id":"https:\/\/prayde.com\/empresa\/#organization","name":"Gestinmo","url":"https:\/\/prayde.com\/empresa\/","logo":{"@type":"ImageObject","inLanguage":"es","@id":"https:\/\/prayde.com\/empresa\/#\/schema\/logo\/image\/","url":"https:\/\/prayde.com\/empresa\/wp-content\/uploads\/2018\/12\/cropped-cropped-Prayde-Pe.jpg","contentUrl":"https:\/\/prayde.com\/empresa\/wp-content\/uploads\/2018\/12\/cropped-cropped-Prayde-Pe.jpg","width":512,"height":512,"caption":"Gestinmo"},"image":{"@id":"https:\/\/prayde.com\/empresa\/#\/schema\/logo\/image\/"}}]}},"_links":{"self":[{"href":"https:\/\/prayde.com\/empresa\/wp-json\/wp\/v2\/pages\/746","targetHints":{"allow":["GET"]}}],"collection":[{"href":"https:\/\/prayde.com\/empresa\/wp-json\/wp\/v2\/pages"}],"about":[{"href":"https:\/\/prayde.com\/empresa\/wp-json\/wp\/v2\/types\/page"}],"author":[{"embeddable":true,"href":"https:\/\/prayde.com\/empresa\/wp-json\/wp\/v2\/users\/2"}],"replies":[{"embeddable":true,"href":"https:\/\/prayde.com\/empresa\/wp-json\/wp\/v2\/comments?post=746"}],"version-history":[{"count":13,"href":"https:\/\/prayde.com\/empresa\/wp-json\/wp\/v2\/pages\/746\/revisions"}],"predecessor-version":[{"id":3039,"href":"https:\/\/prayde.com\/empresa\/wp-json\/wp\/v2\/pages\/746\/revisions\/3039"}],"wp:attachment":[{"href":"https:\/\/prayde.com\/empresa\/wp-json\/wp\/v2\/media?parent=746"}],"curies":[{"name":"wp","href":"https:\/\/api.w.org\/{rel}","templated":true}]}}