{"id":631,"date":"2018-05-28T10:07:21","date_gmt":"2018-05-28T10:07:21","guid":{"rendered":"http:\/\/prayde.com\/empresa\/?page_id=631"},"modified":"2024-02-22T10:44:34","modified_gmt":"2024-02-22T10:44:34","slug":"aviso-legal","status":"publish","type":"page","link":"https:\/\/prayde.com\/empresa\/aviso-legal\/","title":{"rendered":"Aviso Legal"},"content":{"rendered":"<div class=\"legal-text\">\n<div class=\"legal-text-wrap aviso\">\n<h3>AVISO LEGAL<\/h3>\n<p>En cumplimiento con el deber de informaci\u00f3n recogido en art\u00edculo 10 de la Ley 34\/2002, de 11 de julio, de Servicios de la Sociedad de la Informaci\u00f3n y del Comercio Electr\u00f3nico (LSSICE), el propietario de la web , le informa de lo siguiente:<\/p>\n<ul>\n<li style=\"list-style-type: none;\">\n<ul>\n<li>Denominaci\u00f3n social: INVERSIONES URBANAS REUNIDAS, S.L., en adelante, \u00abLa Empresa\u00bb<\/li>\n<li>NIF: B81469348<\/li>\n<li>Domicilio: Juan Ramon Jimenez, 24, 28036 &#8211; Madrid (Madrid)<\/li>\n<\/ul>\n<\/li>\n<\/ul>\n<p>Inscrita en el Registro Mercantil de Madrid al Tomo 11058, folio 23, secci\u00f3n 8, hoja n\u00famero M-174305, inscripci\u00f3n 5\u00aa<\/p>\n<p>Con los l\u00edmites establecidos en la ley,<\/p>\n<div class=\"legal-text\">\n<div class=\"legal-text-wrap aviso\">\n<h3>AVISO LEGAL<\/h3>\n<p>En cumplimiento con el deber de informaci\u00f3n recogido en art\u00edculo 10 de la Ley 34\/2002, de 11 de julio, de Servicios de la Sociedad de la Informaci\u00f3n y del Comercio Electr\u00f3nico (LSSICE), el propietario de la web , le informa de lo siguiente:<\/p>\n<ul>\n<li>\n<ul>\n<li>Denominaci\u00f3n social: INVERSIONES URBANAS REUNIDAS, S.L., en adelante, \u00abLa Empresa\u00bb<\/li>\n<li>NIF: B81469348<\/li>\n<li>Domicilio: Juan Ramon Jimenez, 24, 28036 &#8211; Madrid (Madrid)<\/li>\n<\/ul>\n<\/li>\n<\/ul>\n<p>Inscrita en el Registro Mercantil de Madrid al Tomo 2564, folio 76, secci\u00f3n 8, hoja n\u00famero M-44708, inscripci\u00f3n 5\u00aa<\/p>\n<p>Con los l\u00edmites establecidos en la ley,<\/p>\n<div class=\"legal-text\">\n<div class=\"legal-text-wrap aviso\">\n<h3>AVISO LEGAL<\/h3>\n<p>En cumplimiento con el deber de informaci\u00f3n recogido en art\u00edculo 10 de la Ley 34\/2002, de 11 de julio, de Servicios de la Sociedad de la Informaci\u00f3n y del Comercio Electr\u00f3nico (LSSICE), el propietario de la web , le informa de lo siguiente:<\/p>\n<ul>\n<li>\n<ul>\n<li>Denominaci\u00f3n social: INVERSIONES URBANAS REUNIDAS, S.L., en adelante, \u00abLa Empresa\u00bb<\/li>\n<li>NIF: B81469348<\/li>\n<li>Domicilio: Juan Ramon Jimenez, 24, 28036 &#8211; Madrid (Madrid)<\/li>\n<\/ul>\n<\/li>\n<\/ul>\n<p>Inscrita en el Registro Mercantil de Madrid al Tomo 2564, folio 76, secci\u00f3n 8, hoja n\u00famero M-44708, inscripci\u00f3n 5\u00aa<\/p>\n<p>Con los l\u00edmites establecidos en la ley,<\/p>\n<div class=\"legal-text\">\n<div class=\"legal-text-wrap aviso\">\n<h3>AVISO LEGAL<\/h3>\n<p>En cumplimiento con el deber de informaci\u00f3n recogido en art\u00edculo 10 de la Ley 34\/2002, de 11 de julio, de Servicios de la Sociedad de la Informaci\u00f3n y del Comercio Electr\u00f3nico (LSSICE), el propietario de la web , le informa de lo siguiente:<\/p>\n<ul>\n<li>\n<ul>\n<li>Denominaci\u00f3n social: INVERSIONES URBANAS REUNIDAS, S.L., en adelante, \u00abLa Empresa\u00bb<\/li>\n<li>NIF: B81469348<\/li>\n<li>Domicilio: Juan Ramon Jimenez, 24, 28036 &#8211; Madrid (Madrid)<\/li>\n<\/ul>\n<\/li>\n<\/ul>\n<p>Inscrita en el Registro Mercantil de Madrid al Tomo 2564, folio 76, secci\u00f3n 8, hoja n\u00famero M-44708, inscripci\u00f3n 5\u00aa<\/p>\n<p>Con los l\u00edmites establecidos en la ley, La Empresa no asume ninguna responsabilidad derivada de la falta de veracidad, integridad, actualizaci\u00f3n y precisi\u00f3n de los datos o informaciones que contienen sus p\u00e1ginas web.<\/p>\n<p>Los contenidos e informaci\u00f3n no vinculan a La Empresa ni constituyen opiniones, consejos o asesoramiento legal de ning\u00fan tipo pues se trata meramente de un servicio ofrecido con car\u00e1cter informativo y divulgativo.<\/p>\n<p>Las p\u00e1ginas de Internet de La Empresa. pueden contener enlaces (links) a otras p\u00e1ginas de terceras partes que La Empresano puede controlar. Por lo tanto, La Empresa. no puede asumir responsabilidades por el contenido que pueda aparecer en p\u00e1ginas de terceros.<\/p>\n<p>Los textos, im\u00e1genes, sonidos, animaciones, software y el resto de contenidos incluidos en este website son propiedad exclusiva de La Empresa. o sus licenciantes. Cualquier acto de transmisi\u00f3n, distribuci\u00f3n, cesi\u00f3n, reproducci\u00f3n, almacenamiento o comunicaci\u00f3n p\u00fablica total o parcial, deber\u00e1 contar con el consentimiento expreso de La Empresa..<\/p>\n<p>Asimismo, para acceder a algunos de los servicios que La Empresa. ofrece a trav\u00e9s del sitio web, deber\u00e1 proporcionar algunos datos de car\u00e1cter personal. En cumplimiento de lo establecido en el Reglamento (UE) 2016\/679 del Parlamento Europeo y del Consejo, de 27 de abril de 2016, relativo a la protecci\u00f3n de las personas f\u00edsicas en lo que respecta al tratamiento de datos personales y a la libre circulaci\u00f3n de estos datos le informamos que, mediante la cumplimentaci\u00f3n de los presentes formularios, sus datos personales quedar\u00e1n incorporados y ser\u00e1n tratados en los ficheros de La Empresa con el fin de poderle prestar y ofrecer nuestros servicios as\u00ed como para informarle de las mejoras del sitio Web.<\/p>\n<p>Le informamos tambi\u00e9n de que tendr\u00e1 la posibilidad en todo momento de ejercer los derechos de acceso, rectificaci\u00f3n, cancelaci\u00f3n, oposici\u00f3n, limitaci\u00f3n y portabilidad de sus datos de car\u00e1cter personal, de manera gratuita mediante email a: caparros@prayde.com o en la direcci\u00f3n: Juan Ramon Jimenez, 24, 28036 &#8211; Madrid (Madrid)<\/p>\n<\/div>\n<\/div>\n<p>La Empresa no asume ninguna responsabilidad derivada de la falta de veracidad, integridad, actualizaci\u00f3n y precisi\u00f3n de los datos o informaciones que contienen sus p\u00e1ginas web.<\/p>\n<p>Los contenidos e informaci\u00f3n no vinculan a La Empresa. ni constituyen opiniones, consejos o asesoramiento legal de ning\u00fan tipo pues se trata meramente de un servicio ofrecido con car\u00e1cter informativo y divulgativo.<\/p>\n<\/div>\n<\/div>\n<\/div>\n<\/div>\n<\/div>\n<\/div>\n","protected":false},"excerpt":{"rendered":"<p>AVISO LEGAL En cumplimiento con el deber de informaci\u00f3n recogido en art\u00edculo 10 de la Ley 34\/2002, de 11 de julio, de Servicios de la Sociedad de la Informaci\u00f3n y\u2026 <a class=\"continue-reading-link\" href=\"https:\/\/prayde.com\/empresa\/aviso-legal\/\">Continue leyendo<\/a><\/p>\n","protected":false},"author":1,"featured_media":0,"parent":0,"menu_order":0,"comment_status":"closed","ping_status":"closed","template":"","meta":{"footnotes":""},"class_list":["post-631","page","type-page","status-publish","hentry"],"yoast_head":"<!-- This site is optimized with the Yoast SEO plugin v27.3 - https:\/\/yoast.com\/product\/yoast-seo-wordpress\/ -->\n<title>Aviso Legal - Gestinmo<\/title>\n<meta name=\"robots\" content=\"index, follow, max-snippet:-1, max-image-preview:large, max-video-preview:-1\" \/>\n<link rel=\"canonical\" href=\"https:\/\/prayde.com\/empresa\/aviso-legal\/\" \/>\n<meta property=\"og:locale\" content=\"es_ES\" \/>\n<meta property=\"og:type\" content=\"article\" \/>\n<meta property=\"og:title\" content=\"Aviso Legal - Gestinmo\" \/>\n<meta property=\"og:description\" content=\"AVISO LEGAL En cumplimiento con el deber de informaci\u00f3n recogido en art\u00edculo 10 de la Ley 34\/2002, de 11 de julio, de Servicios de la Sociedad de la Informaci\u00f3n y\u2026 Continue leyendo\" \/>\n<meta property=\"og:url\" content=\"https:\/\/prayde.com\/empresa\/aviso-legal\/\" \/>\n<meta property=\"og:site_name\" content=\"Gestinmo\" \/>\n<meta property=\"article:modified_time\" content=\"2024-02-22T10:44:34+00:00\" \/>\n<meta name=\"twitter:card\" content=\"summary_large_image\" \/>\n<meta name=\"twitter:label1\" content=\"Tiempo de lectura\" \/>\n\t<meta name=\"twitter:data1\" content=\"4 minutos\" \/>\n<script type=\"application\/ld+json\" class=\"yoast-schema-graph\">{\"@context\":\"https:\\\/\\\/schema.org\",\"@graph\":[{\"@type\":\"WebPage\",\"@id\":\"https:\\\/\\\/prayde.com\\\/empresa\\\/aviso-legal\\\/\",\"url\":\"https:\\\/\\\/prayde.com\\\/empresa\\\/aviso-legal\\\/\",\"name\":\"Aviso Legal - Gestinmo\",\"isPartOf\":{\"@id\":\"https:\\\/\\\/prayde.com\\\/empresa\\\/#website\"},\"datePublished\":\"2018-05-28T10:07:21+00:00\",\"dateModified\":\"2024-02-22T10:44:34+00:00\",\"breadcrumb\":{\"@id\":\"https:\\\/\\\/prayde.com\\\/empresa\\\/aviso-legal\\\/#breadcrumb\"},\"inLanguage\":\"es\",\"potentialAction\":[{\"@type\":\"ReadAction\",\"target\":[\"https:\\\/\\\/prayde.com\\\/empresa\\\/aviso-legal\\\/\"]}]},{\"@type\":\"BreadcrumbList\",\"@id\":\"https:\\\/\\\/prayde.com\\\/empresa\\\/aviso-legal\\\/#breadcrumb\",\"itemListElement\":[{\"@type\":\"ListItem\",\"position\":1,\"name\":\"Portada\",\"item\":\"https:\\\/\\\/prayde.com\\\/empresa\\\/\"},{\"@type\":\"ListItem\",\"position\":2,\"name\":\"Aviso Legal\"}]},{\"@type\":\"WebSite\",\"@id\":\"https:\\\/\\\/prayde.com\\\/empresa\\\/#website\",\"url\":\"https:\\\/\\\/prayde.com\\\/empresa\\\/\",\"name\":\"Gestinmo\",\"description\":\"Analizar la Rentabilidad y Riesgos de una Promocion Inmobiliaria\",\"publisher\":{\"@id\":\"https:\\\/\\\/prayde.com\\\/empresa\\\/#organization\"},\"potentialAction\":[{\"@type\":\"SearchAction\",\"target\":{\"@type\":\"EntryPoint\",\"urlTemplate\":\"https:\\\/\\\/prayde.com\\\/empresa\\\/?s={search_term_string}\"},\"query-input\":{\"@type\":\"PropertyValueSpecification\",\"valueRequired\":true,\"valueName\":\"search_term_string\"}}],\"inLanguage\":\"es\"},{\"@type\":\"Organization\",\"@id\":\"https:\\\/\\\/prayde.com\\\/empresa\\\/#organization\",\"name\":\"Gestinmo\",\"url\":\"https:\\\/\\\/prayde.com\\\/empresa\\\/\",\"logo\":{\"@type\":\"ImageObject\",\"inLanguage\":\"es\",\"@id\":\"https:\\\/\\\/prayde.com\\\/empresa\\\/#\\\/schema\\\/logo\\\/image\\\/\",\"url\":\"https:\\\/\\\/prayde.com\\\/empresa\\\/wp-content\\\/uploads\\\/2018\\\/12\\\/cropped-cropped-Prayde-Pe.jpg\",\"contentUrl\":\"https:\\\/\\\/prayde.com\\\/empresa\\\/wp-content\\\/uploads\\\/2018\\\/12\\\/cropped-cropped-Prayde-Pe.jpg\",\"width\":512,\"height\":512,\"caption\":\"Gestinmo\"},\"image\":{\"@id\":\"https:\\\/\\\/prayde.com\\\/empresa\\\/#\\\/schema\\\/logo\\\/image\\\/\"}}]}<\/script>\n<!-- \/ Yoast SEO plugin. -->","yoast_head_json":{"title":"Aviso Legal - Gestinmo","robots":{"index":"index","follow":"follow","max-snippet":"max-snippet:-1","max-image-preview":"max-image-preview:large","max-video-preview":"max-video-preview:-1"},"canonical":"https:\/\/prayde.com\/empresa\/aviso-legal\/","og_locale":"es_ES","og_type":"article","og_title":"Aviso Legal - Gestinmo","og_description":"AVISO LEGAL En cumplimiento con el deber de informaci\u00f3n recogido en art\u00edculo 10 de la Ley 34\/2002, de 11 de julio, de Servicios de la Sociedad de la Informaci\u00f3n y\u2026 Continue leyendo","og_url":"https:\/\/prayde.com\/empresa\/aviso-legal\/","og_site_name":"Gestinmo","article_modified_time":"2024-02-22T10:44:34+00:00","twitter_card":"summary_large_image","twitter_misc":{"Tiempo de lectura":"4 minutos"},"schema":{"@context":"https:\/\/schema.org","@graph":[{"@type":"WebPage","@id":"https:\/\/prayde.com\/empresa\/aviso-legal\/","url":"https:\/\/prayde.com\/empresa\/aviso-legal\/","name":"Aviso Legal - Gestinmo","isPartOf":{"@id":"https:\/\/prayde.com\/empresa\/#website"},"datePublished":"2018-05-28T10:07:21+00:00","dateModified":"2024-02-22T10:44:34+00:00","breadcrumb":{"@id":"https:\/\/prayde.com\/empresa\/aviso-legal\/#breadcrumb"},"inLanguage":"es","potentialAction":[{"@type":"ReadAction","target":["https:\/\/prayde.com\/empresa\/aviso-legal\/"]}]},{"@type":"BreadcrumbList","@id":"https:\/\/prayde.com\/empresa\/aviso-legal\/#breadcrumb","itemListElement":[{"@type":"ListItem","position":1,"name":"Portada","item":"https:\/\/prayde.com\/empresa\/"},{"@type":"ListItem","position":2,"name":"Aviso Legal"}]},{"@type":"WebSite","@id":"https:\/\/prayde.com\/empresa\/#website","url":"https:\/\/prayde.com\/empresa\/","name":"Gestinmo","description":"Analizar la Rentabilidad y Riesgos de una Promocion Inmobiliaria","publisher":{"@id":"https:\/\/prayde.com\/empresa\/#organization"},"potentialAction":[{"@type":"SearchAction","target":{"@type":"EntryPoint","urlTemplate":"https:\/\/prayde.com\/empresa\/?s={search_term_string}"},"query-input":{"@type":"PropertyValueSpecification","valueRequired":true,"valueName":"search_term_string"}}],"inLanguage":"es"},{"@type":"Organization","@id":"https:\/\/prayde.com\/empresa\/#organization","name":"Gestinmo","url":"https:\/\/prayde.com\/empresa\/","logo":{"@type":"ImageObject","inLanguage":"es","@id":"https:\/\/prayde.com\/empresa\/#\/schema\/logo\/image\/","url":"https:\/\/prayde.com\/empresa\/wp-content\/uploads\/2018\/12\/cropped-cropped-Prayde-Pe.jpg","contentUrl":"https:\/\/prayde.com\/empresa\/wp-content\/uploads\/2018\/12\/cropped-cropped-Prayde-Pe.jpg","width":512,"height":512,"caption":"Gestinmo"},"image":{"@id":"https:\/\/prayde.com\/empresa\/#\/schema\/logo\/image\/"}}]}},"_links":{"self":[{"href":"https:\/\/prayde.com\/empresa\/wp-json\/wp\/v2\/pages\/631","targetHints":{"allow":["GET"]}}],"collection":[{"href":"https:\/\/prayde.com\/empresa\/wp-json\/wp\/v2\/pages"}],"about":[{"href":"https:\/\/prayde.com\/empresa\/wp-json\/wp\/v2\/types\/page"}],"author":[{"embeddable":true,"href":"https:\/\/prayde.com\/empresa\/wp-json\/wp\/v2\/users\/1"}],"replies":[{"embeddable":true,"href":"https:\/\/prayde.com\/empresa\/wp-json\/wp\/v2\/comments?post=631"}],"version-history":[{"count":4,"href":"https:\/\/prayde.com\/empresa\/wp-json\/wp\/v2\/pages\/631\/revisions"}],"predecessor-version":[{"id":3032,"href":"https:\/\/prayde.com\/empresa\/wp-json\/wp\/v2\/pages\/631\/revisions\/3032"}],"wp:attachment":[{"href":"https:\/\/prayde.com\/empresa\/wp-json\/wp\/v2\/media?parent=631"}],"curies":[{"name":"wp","href":"https:\/\/api.w.org\/{rel}","templated":true}]}}