{"id":46,"date":"2015-08-24T08:51:47","date_gmt":"2015-08-24T08:51:47","guid":{"rendered":"http:\/\/prayde.com\/empresa\/empresa\/?page_id=46"},"modified":"2021-08-18T10:44:28","modified_gmt":"2021-08-18T10:44:28","slug":"inmosuelo-desarrollo-urbanistico-suelo","status":"publish","type":"page","link":"https:\/\/prayde.com\/empresa\/inmosuelo-desarrollo-urbanistico-suelo\/","title":{"rendered":"InmoSuelo: la viabilidad de un desarrollo urban\u00edstico de suelo"},"content":{"rendered":"<h1>Evaluar edificabilidad, reparto por usos, costes de urbanizaci\u00f3n, precios de repercusi\u00f3n, etc.<\/h1>\n<p>El programa InmoSuelo, desarrollado<b>\u00a0en Excel,<\/b> obtiene un completo <strong>a<\/strong><b>n\u00e1lisis de viabilidad<\/b> de la transformaci\u00f3n de un suelo, analizando sus posibilidades urban\u00edsticas y, adem\u00e1s, \u00a0permite diversas combinaciones de:<\/p>\n<div id=\"attachment_785\" style=\"width: 207px\" class=\"wp-caption alignleft\"><a href=\"http:\/\/prayde.com\/empresa\/demo-de-programas\/\" target=\"_blank\" rel=\"noopener noreferrer\"><img loading=\"lazy\" decoding=\"async\" aria-describedby=\"caption-attachment-785\" class=\"wp-image-785 \" src=\"http:\/\/prayde.com\/empresa\/empresa\/wp-content\/uploads\/2018\/12\/SueloCaja-237x300.jpg\" alt=\"\" width=\"197\" height=\"249\" srcset=\"https:\/\/prayde.com\/empresa\/wp-content\/uploads\/2018\/12\/SueloCaja-237x300.jpg 237w, https:\/\/prayde.com\/empresa\/wp-content\/uploads\/2018\/12\/SueloCaja-768x974.jpg 768w, https:\/\/prayde.com\/empresa\/wp-content\/uploads\/2018\/12\/SueloCaja-807x1024.jpg 807w, https:\/\/prayde.com\/empresa\/wp-content\/uploads\/2018\/12\/SueloCaja-118x150.jpg 118w, https:\/\/prayde.com\/empresa\/wp-content\/uploads\/2018\/12\/SueloCaja.jpg 946w\" sizes=\"auto, (max-width: 197px) 100vw, 197px\" \/><\/a><p id=\"caption-attachment-785\" class=\"wp-caption-text\">Pinche para descargar un DEMO<\/p><\/div>\n<ul>\n<li>\u00a0<b>Actuaciones :<\/b><\/li>\n<\/ul>\n<p>\u00a0Compensaci\u00f3n\u00a0\u00a0\u00a0 &#8211; Agente urbanizador.<\/p>\n<ul>\n<li><b>Cesiones y reservas:\u00a0\u00a0\u00a0<\/b><\/li>\n<\/ul>\n<p>Toda la legislaci\u00f3n auton\u00f3mica -Cesiones m\u00ednimas dotacionales -Reservas para VPP.<\/p>\n<ul>\n<li><b>Adquisici\u00f3n \u00a0de terrenos:\u00a0\u00a0<\/b><\/li>\n<\/ul>\n<p>Compraventa &#8211; Terrenos ya adquiridos<\/p>\n<ul>\n<li><b>Edificabilidad obtenida:\u00a0\u00a0<\/b><\/li>\n<\/ul>\n<p>Residencial libre y Protegida\u00a0 &#8211; Terciario.<\/p>\n<p>Mire nuestro <a href=\"http:\/\/prayde.com\/empresa\/tutorial-de-inmosuelo\/\" target=\"_blank\" rel=\"noopener noreferrer\">Videotutorial de InmoSuelo<\/a><\/p>\n<h3>Estos son los\u00a0<a href=\"http:\/\/prayde.com\/empresa\/empresa\/gestinmo-datos-a-introducir\/\">datos que necesita introducir:<\/a><\/h3>\n<p><a href=\"http:\/\/prayde.com\/empresa\/empresa\/gestinmo-datos-a-introducir\/\" target=\"_blank\" rel=\"noopener noreferrer\"><img loading=\"lazy\" decoding=\"async\" class=\"wp-image-840 size-medium alignnone\" src=\"http:\/\/prayde.com\/empresa\/empresa\/wp-content\/uploads\/2018\/12\/Su-Cesiones-300x217.jpg\" alt=\"\" width=\"300\" height=\"217\" srcset=\"https:\/\/prayde.com\/empresa\/wp-content\/uploads\/2018\/12\/Su-Cesiones-300x217.jpg 300w, https:\/\/prayde.com\/empresa\/wp-content\/uploads\/2018\/12\/Su-Cesiones-768x555.jpg 768w, https:\/\/prayde.com\/empresa\/wp-content\/uploads\/2018\/12\/Su-Cesiones.jpg 1024w, https:\/\/prayde.com\/empresa\/wp-content\/uploads\/2018\/12\/Su-Cesiones-208x150.jpg 208w, https:\/\/prayde.com\/empresa\/wp-content\/uploads\/2018\/12\/Su-Cesiones-150x108.jpg 150w\" sizes=\"auto, (max-width: 300px) 100vw, 300px\" \/><\/a><\/p>\n<ul>\n<li>Estudio Econ\u00f3mico.<\/li>\n<li>Flujo de Caja.<\/li>\n<li>Acciones Correctoras.<\/li>\n<\/ul>\n<p>Vd. solo tendr\u00e1 que introducir los datos principales de la operaci\u00f3n, dado que InmoSuelo dispone de gran cantidad de par\u00e1metros tabulados, as\u00ed como de toda la legislaci\u00f3n aplicable.<\/p>\n<h3>\u00bf<a href=\"http:\/\/prayde.com\/empresa\/inmosuelo-resultados\/\">Qu\u00e9 resultados obtendr\u00e1<\/a>?<\/h3>\n<p><a href=\"http:\/\/prayde.com\/empresa\/inmosuelo-resultados\/\" target=\"_blank\" rel=\"noopener noreferrer\"><img loading=\"lazy\" decoding=\"async\" class=\"alignnone wp-image-841 size-medium\" src=\"http:\/\/prayde.com\/empresa\/empresa\/wp-content\/uploads\/2018\/12\/Su-CostesUrb-300x217.jpg\" alt=\"\" width=\"300\" height=\"217\" srcset=\"https:\/\/prayde.com\/empresa\/wp-content\/uploads\/2018\/12\/Su-CostesUrb-300x217.jpg 300w, https:\/\/prayde.com\/empresa\/wp-content\/uploads\/2018\/12\/Su-CostesUrb-768x555.jpg 768w, https:\/\/prayde.com\/empresa\/wp-content\/uploads\/2018\/12\/Su-CostesUrb.jpg 1024w, https:\/\/prayde.com\/empresa\/wp-content\/uploads\/2018\/12\/Su-CostesUrb-208x150.jpg 208w, https:\/\/prayde.com\/empresa\/wp-content\/uploads\/2018\/12\/Su-CostesUrb-150x108.jpg 150w\" sizes=\"auto, (max-width: 300px) 100vw, 300px\" \/><\/a><\/p>\n<ul>\n<li>Cesiones.<\/li>\n<li>Reparto de edificabilidad por usos.<\/li>\n<li>Presupuestos del sector y propios.<\/li>\n<li>Coste de repercusi\u00f3n por usos.<\/li>\n<li>Precios de transferencia.<\/li>\n<\/ul>\n<p>Los resultados obtenidos se pueden visualizar en pantalla, imprimir o exportar a una hoja de datos \u00a0(de Excel) independiente \u00a0para su posterior tratamiento. En cualquier caso, dichos datos conforman un dossier muy completo de m\u00e1s de 20 paginas.<\/p>\n<h2><b>M\u00e1s informaci\u00f3n en PDF:<\/b><\/h2>\n<p><b>\u00a0<a href=\"http:\/\/prayde.com\/Descargas\/TripticoSuelo.pdf\" target=\"_blank\" rel=\"noopener\">Ver \u00a0informaci\u00f3n general<\/a><\/b><\/p>\n<p><a href=\"http:\/\/prayde.com\/Descargas\/ResultadoInmoSuelo.pdf\" target=\"_blank\" rel=\"noopener\"><b>Ver un resultado<\/b><\/a><b> de ejemplo.<\/b><\/p>\n\n\n<p><\/p>\n","protected":false},"excerpt":{"rendered":"<p>Evaluar edificabilidad, reparto por usos, costes de urbanizaci\u00f3n, precios de repercusi\u00f3n, etc. El programa InmoSuelo, desarrollado\u00a0en Excel, obtiene un completo an\u00e1lisis de viabilidad de la transformaci\u00f3n de un suelo, analizando\u2026 <a class=\"continue-reading-link\" href=\"https:\/\/prayde.com\/empresa\/inmosuelo-desarrollo-urbanistico-suelo\/\">Continue leyendo<\/a><\/p>\n","protected":false},"author":1,"featured_media":0,"parent":0,"menu_order":0,"comment_status":"closed","ping_status":"closed","template":"templates\/template-onecolumn.php","meta":{"footnotes":""},"class_list":["post-46","page","type-page","status-publish","hentry"],"yoast_head":"<!-- This site is optimized with the Yoast SEO plugin v27.4 - https:\/\/yoast.com\/product\/yoast-seo-wordpress\/ -->\n<title>InmoSuelo: la viabilidad de un desarrollo urban\u00edstico de suelo - Gestinmo<\/title>\n<meta name=\"description\" content=\"InmoSuelo: la viabilidad de un desarrollo urban\u00edstico de suelo. Evaluar edificabilidad, reparto por usos, costes de urbanizaci\u00f3n, precios de repercusi\u00f3n\" \/>\n<meta name=\"robots\" content=\"index, follow, max-snippet:-1, max-image-preview:large, max-video-preview:-1\" \/>\n<link rel=\"canonical\" href=\"https:\/\/prayde.com\/empresa\/inmosuelo-desarrollo-urbanistico-suelo\/\" \/>\n<meta property=\"og:locale\" content=\"es_ES\" \/>\n<meta property=\"og:type\" content=\"article\" \/>\n<meta property=\"og:title\" content=\"InmoSuelo: la viabilidad de un desarrollo urban\u00edstico de suelo - Gestinmo\" \/>\n<meta property=\"og:description\" content=\"InmoSuelo: la viabilidad de un desarrollo urban\u00edstico de suelo. Evaluar edificabilidad, reparto por usos, costes de urbanizaci\u00f3n, precios de repercusi\u00f3n\" \/>\n<meta property=\"og:url\" content=\"https:\/\/prayde.com\/empresa\/inmosuelo-desarrollo-urbanistico-suelo\/\" \/>\n<meta property=\"og:site_name\" content=\"Gestinmo\" \/>\n<meta property=\"article:modified_time\" content=\"2021-08-18T10:44:28+00:00\" \/>\n<meta property=\"og:image\" content=\"http:\/\/prayde.com\/empresa\/empresa\/wp-content\/uploads\/2018\/12\/SueloCaja-237x300.jpg\" \/>\n<meta name=\"twitter:card\" content=\"summary_large_image\" \/>\n<meta name=\"twitter:label1\" content=\"Tiempo de lectura\" \/>\n\t<meta name=\"twitter:data1\" content=\"2 minutos\" \/>\n<script type=\"application\/ld+json\" class=\"yoast-schema-graph\">{\"@context\":\"https:\\\/\\\/schema.org\",\"@graph\":[{\"@type\":\"WebPage\",\"@id\":\"https:\\\/\\\/prayde.com\\\/empresa\\\/inmosuelo-desarrollo-urbanistico-suelo\\\/\",\"url\":\"https:\\\/\\\/prayde.com\\\/empresa\\\/inmosuelo-desarrollo-urbanistico-suelo\\\/\",\"name\":\"InmoSuelo: la viabilidad de un desarrollo urban\u00edstico de suelo - Gestinmo\",\"isPartOf\":{\"@id\":\"https:\\\/\\\/prayde.com\\\/empresa\\\/#website\"},\"primaryImageOfPage\":{\"@id\":\"https:\\\/\\\/prayde.com\\\/empresa\\\/inmosuelo-desarrollo-urbanistico-suelo\\\/#primaryimage\"},\"image\":{\"@id\":\"https:\\\/\\\/prayde.com\\\/empresa\\\/inmosuelo-desarrollo-urbanistico-suelo\\\/#primaryimage\"},\"thumbnailUrl\":\"http:\\\/\\\/prayde.com\\\/empresa\\\/empresa\\\/wp-content\\\/uploads\\\/2018\\\/12\\\/SueloCaja-237x300.jpg\",\"datePublished\":\"2015-08-24T08:51:47+00:00\",\"dateModified\":\"2021-08-18T10:44:28+00:00\",\"description\":\"InmoSuelo: la viabilidad de un desarrollo urban\u00edstico de suelo. Evaluar edificabilidad, reparto por usos, costes de urbanizaci\u00f3n, precios de repercusi\u00f3n\",\"breadcrumb\":{\"@id\":\"https:\\\/\\\/prayde.com\\\/empresa\\\/inmosuelo-desarrollo-urbanistico-suelo\\\/#breadcrumb\"},\"inLanguage\":\"es\",\"potentialAction\":[{\"@type\":\"ReadAction\",\"target\":[\"https:\\\/\\\/prayde.com\\\/empresa\\\/inmosuelo-desarrollo-urbanistico-suelo\\\/\"]}]},{\"@type\":\"ImageObject\",\"inLanguage\":\"es\",\"@id\":\"https:\\\/\\\/prayde.com\\\/empresa\\\/inmosuelo-desarrollo-urbanistico-suelo\\\/#primaryimage\",\"url\":\"http:\\\/\\\/prayde.com\\\/empresa\\\/empresa\\\/wp-content\\\/uploads\\\/2018\\\/12\\\/SueloCaja-237x300.jpg\",\"contentUrl\":\"http:\\\/\\\/prayde.com\\\/empresa\\\/empresa\\\/wp-content\\\/uploads\\\/2018\\\/12\\\/SueloCaja-237x300.jpg\"},{\"@type\":\"BreadcrumbList\",\"@id\":\"https:\\\/\\\/prayde.com\\\/empresa\\\/inmosuelo-desarrollo-urbanistico-suelo\\\/#breadcrumb\",\"itemListElement\":[{\"@type\":\"ListItem\",\"position\":1,\"name\":\"Portada\",\"item\":\"https:\\\/\\\/prayde.com\\\/empresa\\\/\"},{\"@type\":\"ListItem\",\"position\":2,\"name\":\"InmoSuelo: la viabilidad de un desarrollo urban\u00edstico de suelo\"}]},{\"@type\":\"WebSite\",\"@id\":\"https:\\\/\\\/prayde.com\\\/empresa\\\/#website\",\"url\":\"https:\\\/\\\/prayde.com\\\/empresa\\\/\",\"name\":\"Gestinmo\",\"description\":\"Analizar la Rentabilidad y Riesgos de una Promocion Inmobiliaria\",\"publisher\":{\"@id\":\"https:\\\/\\\/prayde.com\\\/empresa\\\/#organization\"},\"potentialAction\":[{\"@type\":\"SearchAction\",\"target\":{\"@type\":\"EntryPoint\",\"urlTemplate\":\"https:\\\/\\\/prayde.com\\\/empresa\\\/?s={search_term_string}\"},\"query-input\":{\"@type\":\"PropertyValueSpecification\",\"valueRequired\":true,\"valueName\":\"search_term_string\"}}],\"inLanguage\":\"es\"},{\"@type\":\"Organization\",\"@id\":\"https:\\\/\\\/prayde.com\\\/empresa\\\/#organization\",\"name\":\"Gestinmo\",\"url\":\"https:\\\/\\\/prayde.com\\\/empresa\\\/\",\"logo\":{\"@type\":\"ImageObject\",\"inLanguage\":\"es\",\"@id\":\"https:\\\/\\\/prayde.com\\\/empresa\\\/#\\\/schema\\\/logo\\\/image\\\/\",\"url\":\"https:\\\/\\\/prayde.com\\\/empresa\\\/wp-content\\\/uploads\\\/2018\\\/12\\\/cropped-cropped-Prayde-Pe.jpg\",\"contentUrl\":\"https:\\\/\\\/prayde.com\\\/empresa\\\/wp-content\\\/uploads\\\/2018\\\/12\\\/cropped-cropped-Prayde-Pe.jpg\",\"width\":512,\"height\":512,\"caption\":\"Gestinmo\"},\"image\":{\"@id\":\"https:\\\/\\\/prayde.com\\\/empresa\\\/#\\\/schema\\\/logo\\\/image\\\/\"}}]}<\/script>\n<!-- \/ Yoast SEO plugin. -->","yoast_head_json":{"title":"InmoSuelo: la viabilidad de un desarrollo urban\u00edstico de suelo - Gestinmo","description":"InmoSuelo: la viabilidad de un desarrollo urban\u00edstico de suelo. Evaluar edificabilidad, reparto por usos, costes de urbanizaci\u00f3n, precios de repercusi\u00f3n","robots":{"index":"index","follow":"follow","max-snippet":"max-snippet:-1","max-image-preview":"max-image-preview:large","max-video-preview":"max-video-preview:-1"},"canonical":"https:\/\/prayde.com\/empresa\/inmosuelo-desarrollo-urbanistico-suelo\/","og_locale":"es_ES","og_type":"article","og_title":"InmoSuelo: la viabilidad de un desarrollo urban\u00edstico de suelo - Gestinmo","og_description":"InmoSuelo: la viabilidad de un desarrollo urban\u00edstico de suelo. Evaluar edificabilidad, reparto por usos, costes de urbanizaci\u00f3n, precios de repercusi\u00f3n","og_url":"https:\/\/prayde.com\/empresa\/inmosuelo-desarrollo-urbanistico-suelo\/","og_site_name":"Gestinmo","article_modified_time":"2021-08-18T10:44:28+00:00","og_image":[{"url":"http:\/\/prayde.com\/empresa\/empresa\/wp-content\/uploads\/2018\/12\/SueloCaja-237x300.jpg","type":"","width":"","height":""}],"twitter_card":"summary_large_image","twitter_misc":{"Tiempo de lectura":"2 minutos"},"schema":{"@context":"https:\/\/schema.org","@graph":[{"@type":"WebPage","@id":"https:\/\/prayde.com\/empresa\/inmosuelo-desarrollo-urbanistico-suelo\/","url":"https:\/\/prayde.com\/empresa\/inmosuelo-desarrollo-urbanistico-suelo\/","name":"InmoSuelo: la viabilidad de un desarrollo urban\u00edstico de suelo - Gestinmo","isPartOf":{"@id":"https:\/\/prayde.com\/empresa\/#website"},"primaryImageOfPage":{"@id":"https:\/\/prayde.com\/empresa\/inmosuelo-desarrollo-urbanistico-suelo\/#primaryimage"},"image":{"@id":"https:\/\/prayde.com\/empresa\/inmosuelo-desarrollo-urbanistico-suelo\/#primaryimage"},"thumbnailUrl":"http:\/\/prayde.com\/empresa\/empresa\/wp-content\/uploads\/2018\/12\/SueloCaja-237x300.jpg","datePublished":"2015-08-24T08:51:47+00:00","dateModified":"2021-08-18T10:44:28+00:00","description":"InmoSuelo: la viabilidad de un desarrollo urban\u00edstico de suelo. Evaluar edificabilidad, reparto por usos, costes de urbanizaci\u00f3n, precios de repercusi\u00f3n","breadcrumb":{"@id":"https:\/\/prayde.com\/empresa\/inmosuelo-desarrollo-urbanistico-suelo\/#breadcrumb"},"inLanguage":"es","potentialAction":[{"@type":"ReadAction","target":["https:\/\/prayde.com\/empresa\/inmosuelo-desarrollo-urbanistico-suelo\/"]}]},{"@type":"ImageObject","inLanguage":"es","@id":"https:\/\/prayde.com\/empresa\/inmosuelo-desarrollo-urbanistico-suelo\/#primaryimage","url":"http:\/\/prayde.com\/empresa\/empresa\/wp-content\/uploads\/2018\/12\/SueloCaja-237x300.jpg","contentUrl":"http:\/\/prayde.com\/empresa\/empresa\/wp-content\/uploads\/2018\/12\/SueloCaja-237x300.jpg"},{"@type":"BreadcrumbList","@id":"https:\/\/prayde.com\/empresa\/inmosuelo-desarrollo-urbanistico-suelo\/#breadcrumb","itemListElement":[{"@type":"ListItem","position":1,"name":"Portada","item":"https:\/\/prayde.com\/empresa\/"},{"@type":"ListItem","position":2,"name":"InmoSuelo: la viabilidad de un desarrollo urban\u00edstico de suelo"}]},{"@type":"WebSite","@id":"https:\/\/prayde.com\/empresa\/#website","url":"https:\/\/prayde.com\/empresa\/","name":"Gestinmo","description":"Analizar la Rentabilidad y Riesgos de una Promocion Inmobiliaria","publisher":{"@id":"https:\/\/prayde.com\/empresa\/#organization"},"potentialAction":[{"@type":"SearchAction","target":{"@type":"EntryPoint","urlTemplate":"https:\/\/prayde.com\/empresa\/?s={search_term_string}"},"query-input":{"@type":"PropertyValueSpecification","valueRequired":true,"valueName":"search_term_string"}}],"inLanguage":"es"},{"@type":"Organization","@id":"https:\/\/prayde.com\/empresa\/#organization","name":"Gestinmo","url":"https:\/\/prayde.com\/empresa\/","logo":{"@type":"ImageObject","inLanguage":"es","@id":"https:\/\/prayde.com\/empresa\/#\/schema\/logo\/image\/","url":"https:\/\/prayde.com\/empresa\/wp-content\/uploads\/2018\/12\/cropped-cropped-Prayde-Pe.jpg","contentUrl":"https:\/\/prayde.com\/empresa\/wp-content\/uploads\/2018\/12\/cropped-cropped-Prayde-Pe.jpg","width":512,"height":512,"caption":"Gestinmo"},"image":{"@id":"https:\/\/prayde.com\/empresa\/#\/schema\/logo\/image\/"}}]}},"_links":{"self":[{"href":"https:\/\/prayde.com\/empresa\/wp-json\/wp\/v2\/pages\/46","targetHints":{"allow":["GET"]}}],"collection":[{"href":"https:\/\/prayde.com\/empresa\/wp-json\/wp\/v2\/pages"}],"about":[{"href":"https:\/\/prayde.com\/empresa\/wp-json\/wp\/v2\/types\/page"}],"author":[{"embeddable":true,"href":"https:\/\/prayde.com\/empresa\/wp-json\/wp\/v2\/users\/1"}],"replies":[{"embeddable":true,"href":"https:\/\/prayde.com\/empresa\/wp-json\/wp\/v2\/comments?post=46"}],"version-history":[{"count":29,"href":"https:\/\/prayde.com\/empresa\/wp-json\/wp\/v2\/pages\/46\/revisions"}],"predecessor-version":[{"id":1266,"href":"https:\/\/prayde.com\/empresa\/wp-json\/wp\/v2\/pages\/46\/revisions\/1266"}],"wp:attachment":[{"href":"https:\/\/prayde.com\/empresa\/wp-json\/wp\/v2\/media?parent=46"}],"curies":[{"name":"wp","href":"https:\/\/api.w.org\/{rel}","templated":true}]}}